{"id":2,"date":"2024-06-24T20:08:24","date_gmt":"2024-06-24T20:08:24","guid":{"rendered":"https:\/\/activity.zercode.com\/?page_id=2"},"modified":"2024-06-25T11:09:38","modified_gmt":"2024-06-25T08:09:38","slug":"sample-page","status":"publish","type":"page","link":"https:\/\/activity.zercode.com\/?page_id=2","title":{"rendered":"Hakk\u0131m\u0131zda"},"content":{"rendered":"\n<p><strong>B<\/strong>iz<\/p>\n\n\n\n<p><strong>30 y\u0131l\u0131k tecr\u00fcbeden\u00a0 g\u00fcn\u00fcm\u00fcze, disiplinler aras\u0131 \u00e7oklu entegre \u00e7al\u0131\u015fma modeline sahip \u201cE\u011fitim ve Yay\u0131nc\u0131l\u0131k ARGE, teknoloji geli\u015ftirme, marka tasar\u0131m, rehberlik hizmetleri, ileti\u015fim ve proje uygulama\u201d geli\u015ftirme ekibiyiz.<\/strong><\/p>\n\n\n\n<p><strong><strong>Teknolojim<\/strong><\/strong>iz<\/p>\n\n\n\n<blockquote class=\"wp-block-quote is-layout-flow wp-block-quote-is-layout-flow\">\n<p><strong>Dijital e\u011fitim alan\u0131nda; i\u00e7eriklerden, teknolojik platformlara, \u00f6\u011fretmen e\u011fitimlerinden ak\u0131ll\u0131 \u00f6l\u00e7me de\u011ferlendirmelere, \u00f6\u011frencilere yapay zeka rehberlik hizmetlerinden rehberlik &#8211; ment\u00f6rl\u00fck uygulamalar\u0131na, \u00e7evrimi\u00e7i canl\u0131 ders anlat\u0131mlar\u0131ndan kurumlara \u00f6zel dijital e\u011fitim hizmetlerine, yeni nesil yapay zeka uygulamal\u0131 platformlar\u0131m\u0131za kadar kapsaml\u0131 \u00e7\u00f6z\u00fcmlerimizle s\u00fcrekli, kesintisiz ve yenilik\u00e7i hizmetler sunmaktay\u0131z.<\/strong><\/p>\n<\/blockquote>\n\n\n\n<p><strong>Hedefimiz<\/strong><\/p>\n\n\n\n<blockquote class=\"wp-block-quote is-layout-flow wp-block-quote-is-layout-flow\">\n<p><strong>Hedefimiz; m\u00fc\u015fterilerimizi, m\u00fc\u015fterilerinizi ve ekosistemi anlayarak, entegre \u00e7\u00f6z\u00fcmlerle davran\u0131\u015flar\u0131 de\u011fi\u015ftirmek, i\u015finize de\u011fer katmak ve toplam fayda elde etmektir<\/strong><\/p>\n<\/blockquote>\n\n\n\n<p><\/p>\n","protected":false},"excerpt":{"rendered":"<p>Biz 30 y\u0131l\u0131k tecr\u00fcbeden\u00a0 g\u00fcn\u00fcm\u00fcze, disiplinler aras\u0131 \u00e7oklu entegre \u00e7al\u0131\u015fma modeline sahip \u201cE\u011fitim ve Yay\u0131nc\u0131l\u0131k ARGE, teknoloji geli\u015ftirme, marka tasar\u0131m, rehberlik hizmetleri, ileti\u015fim ve proje uygulama\u201d geli\u015ftirme ekibiyiz. Teknolojimiz Dijital e\u011fitim alan\u0131nda; i\u00e7eriklerden, teknolojik platformlara, \u00f6\u011fretmen e\u011fitimlerinden ak\u0131ll\u0131 \u00f6l\u00e7me de\u011ferlendirmelere, \u00f6\u011frencilere yapay zeka rehberlik hizmetlerinden rehberlik &#8211; ment\u00f6rl\u00fck uygulamalar\u0131na, \u00e7evrimi\u00e7i canl\u0131 ders anlat\u0131mlar\u0131ndan kurumlara \u00f6zel &#8230; <a title=\"Hakk\u0131m\u0131zda\" class=\"read-more\" href=\"https:\/\/activity.zercode.com\/?page_id=2\" aria-label=\"Read more about Hakk\u0131m\u0131zda\">Devam\u0131n\u0131 oku<\/a><\/p>\n","protected":false},"author":1,"featured_media":0,"parent":0,"menu_order":0,"comment_status":"closed","ping_status":"open","template":"","meta":{"footnotes":""},"class_list":["post-2","page","type-page","status-publish"],"_links":{"self":[{"href":"https:\/\/activity.zercode.com\/index.php?rest_route=\/wp\/v2\/pages\/2","targetHints":{"allow":["GET"]}}],"collection":[{"href":"https:\/\/activity.zercode.com\/index.php?rest_route=\/wp\/v2\/pages"}],"about":[{"href":"https:\/\/activity.zercode.com\/index.php?rest_route=\/wp\/v2\/types\/page"}],"author":[{"embeddable":true,"href":"https:\/\/activity.zercode.com\/index.php?rest_route=\/wp\/v2\/users\/1"}],"replies":[{"embeddable":true,"href":"https:\/\/activity.zercode.com\/index.php?rest_route=%2Fwp%2Fv2%2Fcomments&post=2"}],"version-history":[{"count":1,"href":"https:\/\/activity.zercode.com\/index.php?rest_route=\/wp\/v2\/pages\/2\/revisions"}],"predecessor-version":[{"id":20,"href":"https:\/\/activity.zercode.com\/index.php?rest_route=\/wp\/v2\/pages\/2\/revisions\/20"}],"wp:attachment":[{"href":"https:\/\/activity.zercode.com\/index.php?rest_route=%2Fwp%2Fv2%2Fmedia&parent=2"}],"curies":[{"name":"wp","href":"https:\/\/api.w.org\/{rel}","templated":true}]}}